.
8783
Convert -32053 (base 12) to base 8.
-200277
35b6a (base 13) to base 9
160242
Convert -33022032 (base 4) to base 3.
-10011011210
What is -6486446 (base 9) in base 8?
-15220726
-1b8855 (base 14) to base 10
-983995
What is 35200666 (base 8) in base 14?
1038730
-28806a (base 13) to base 16
-f1642
What is -7fdec (base 16) in base 6?
-15120444
Convert 7bc944 (base 13) to base 7.
33666551
What is 1134010 (base 5) in base 8?
51212
What is -412882 (base 9) in base 16?
-3bcc9
Convert 12725427 (base 10) to base 6.
1132430003
What is 1104132 (base 9) in base 5?
122443031
a741a (base 11) to base 10
156232
Convert -42b52 (base 12) to base 10.
-88046
-1340010 (base 12) to base 3
-21011211210110
-11130201302 (base 4) to base 8
-5344162
37389 (base 13) to base 14
290b0
-e8586 (base 16) to base 15
-13beab
Convert 30030321 (base 5) to base 6.
5022052
Convert 823267 (base 9) to base 4.
1313013310
-1225466 (base 7) to base 5
-20024044
-25a020 (base 12) to base 15
-c3483
What is 21331133 (base 4) in base 9?
61862
Convert 21341aa (base 12) to base 3.
102211120112011
What is 12121020302 (base 4) in base 2?
110011001001000110010
What is 11001120012221 (base 3) in base 7?
24221203
What is -6350 (base 9) in base 10?
-4662
108338 (base 9) to base 16
fe87
What is a833d5 (base 16) in base 8?
52031725
-2314001013 (base 5) to base 8
-23721103
What is -233a1ab (base 12) in base 14?
-c8d6b9
Convert -109f6aa (base 16) to base 11.
-9925614
Convert 2212111220102 (base 3) to base 11.
952335
Convert 61625214 (base 7) to base 2.
10011101101010100100111
13b00a4 (base 13) to base 2
10111110111000110010001
Convert 847b6 (base 14) to base 2.
1001110000101011100
What is ff58 (base 16) in base 7?
361402
Convert 83588 (base 11) to base 10.
121822
-25c629 (base 13) to base 15
-1306d9
What is 2565966 (base 11) in base 6?
235130131
1204632 (base 8) to base 9
552770
What is 1130414022 (base 5) in base 9?
4780205
-158202a (base 13) to base 12
-2396514
Convert 7661416 (base 10) to base 12.
2695834
1cd97 (base 14) to base 15
16e00
Convert -71734 (base 15) to base 7.
-3024511
-1234543 (base 6) to base 5
-4122132
What is -a9ad4 (base 15) in base 9?
-1011421
3467634 (base 8) to base 2
11100110111110011100
Convert 121065 (base 7) to base 6.
245503
101010110011111000010 (base 2) to base 9
2567266
Convert 11255105 (base 6) to base 16.
55631
1212928 (base 10) to base 16
128200
-3830b (base 13) to base 15
-20b37
-156635006 (base 7) to base 14
-15c6a76
Convert -23012546 (base 7) to base 4.
-13221013013
What is -a5bcb (base 14) in base 2?
-1100001101101010111
What is 10100100000001001001011 (base 2) in base 6?
311110043
-240137 (base 10) to base 11
-154467
What is -2125158 (base 9) in base 6?
-40224212
Convert -615 (base 12) to base 6.
-4025
-1253062 (base 7) to base 9
-270381
What is 3327216 (base 8) in base 5?
212143104
551000 (base 7) to base 3
11220012202
Convert 4034678 (base 9) to base 2.
1000001100101000111000
-1058263 (base 15) to base 12
-3aaa279
Convert 758b8 (base 12) to base 8.
456714
-752c (base 15) to base 13
-b391
-27433266 (base 8) to base 9
-12550603
What is -30130016 (base 7) in base 16?
-2610bc
87645 (base 10) to base 3
11110020010
What is 265620362 (base 7) in base 3?
1012022001212112
What is 1246258 (base 13) in base 8?
25567320
Convert -147267 (base 8) to base 4.
-30322313
Convert -15610781 (base 9) to base 16.
-770b45
Convert -1125144 (base 6) to base 2.
-1110001100111000
Convert -9791 (base 15) to base 16.
-7d56
-5b177 (base 12) to base 13
-43c48
-201626 (base 7) to base 12
-179bb
202a99 (base 13) to base 16
b6cfc
6200526 (base 9) to base 7
40052622
What is 10000101000110101000 (base 2) in base 11?
34267a
Convert -342971 (base 12) to base 8.
-3135345
-1112214314 (base 6) to base 2
-101110010101111010100110
1504805 (base 10) to base 6
52130405
2667011 (base 8) to base 10
749065
115115432 (base 6) to base 2
1000011001111000001100
132452152 (base 6) to base 3
11222200020112
Convert -33aa370 (base 11) to base 3.
-102012200211112
What is 2653535 (base 8) in base 6?
23533005
Convert -131111231233 (base 4) to base 2.
-11101010101101101101111
Convert -a4859 (base 13) to base 15.
-5c9b9
What is -29007 (base 11) in base 13?
-15a26
What is -100000010010010010 (base 2) in base 10?
-132242
What is 2004055 (base 6) in base 15?
1cdab
What is 20100112120 (base 3) in base 9?
210476
Convert -2815574 (base 10) to base 14.
-534126
Convert -231554352 (base 6) to base 7.
-51324203
Convert -2467532 (base 8) to base 11.
-427887
Convert 10464253 (base 8) to base 11.
1300258
What is -234981 (base 13) in base 8?
-3146033
Convert 1011101101121 (base 3) to base 5.
124231444
Convert 1b3125 (base 15) to base 16.
143e2b
What is -110112202212 (base 3) in base 11?
-159604
-1ea32a (base 15) to base 6
-52112234
Convert 21100022120112 (base 3) to base 11.
2226823
-1343148 (base 14) to base 9
-18452251
-8a5b1 (base 13) to base 2
-111101011000110111
-773868 (base 9) to base 14
-c05dd
13022212 (base 5) to base 16
1ee5d
-14893 (base 12) to base 2
-111000011101111
110110011101010000001 (base 2) to base 6
102125201
What is a5232 (base 12) in base 8?
646406
What is -cd12d (base 14) in base 4?
-1321110011
What is -2669c (base 13) in base 9?
-118005
-546124 (base 7) to base 6
-2015204
Convert -67bc4 (base 13) to base 11.
-119904
-2121112100 (base 3) to base 4
-30203121
174a045 (base 11) to base 16
2d54d9
What is 11202112122 (base 3) in base 12?
4628b
What is 321323013003 (base 4) in base 5?
12341344243
-21028 (base 12) to base 3
-2012022012
What is -65b66 (base 12) in base 5?
-13302333
What is -3514724 (base 8) in base 7?
-11063515
-1001202121211 (base 3) to base 6
-20045034
-33671412 (base 8) to base 7
-116040206
What is 11793 (base 10) in base 9?
17153
Convert -21110201012111 (base 3) to base 10.
-3970282
What is 1001101000010001110 (base 2) in base 16?
4d08e
-1b445 (base 12) to base 8
-116665
Convert -ad6304 (base 14) to base 12.
-1b83354
What is 2030142 (base 6) in base 3?
11221102022
What is 8759 (base 14) in base 11?
16646
What is -58819 (base 11) in base 3?
-11022101021
b9294 (base 12) to base 5
30302143
-82263 (base 11) to base 3
-20002202012
11001010111010101111001 (base 2) to base 12
2287b09
What is -1000011101100000011011 (base 2) in base 9?
-4150476
Convert 252274 (base 12) to base 6.
20545424
a5cb4 (base 13) to base 2
1001000111100010010
-75235 (base 9) to base 10
-49766
102132023 (base 4) to base 11
51931
What is 19414a (base 11) in base 5?
34021234
Convert -22724 (base 8) to base 4.
-2113110
Convert 100020112000 (base 3) to base 12.
89323
Convert 332425 (base 7) to base 6.
1130541
What is 111001101100010101 (base 2) in base 10?
236309
-34121343 (base 5) to base 4
-1021212201
21102220012 (base 3) to base 6
3050005
-11230300 (base 4) to base 7
-125026
210220112122 (base 3) to base 9
726478
What is -f5e84 (base 16) in base 6?
-33331044
What is 676c1c (base 13) in base 2?
1001010100011010101000
693124 (base 10) to base 6
22504524
-103151053 (base 6) to base 14
-35a585
What is -53841 (base 9) in base 8?
-105535
What is 211202022001002 (base 3) in base 8?
56077527
-4111035 (base 7) to base 15
-9a383
Convert 6099124 (base 11) to base 9.
22240120
Convert 11301323 (base 6) to base 5.
42202014
What is 64c9a1 (base 13) in base 5?
1101320033
What is -202002103 (base 4) in base 5?
-13430121
What is -1011110010001001100 (base 2) in base 3?
-201121122220
What is -2222110001002 (base 3) in base 12?
-6443b5
Convert -20175006 (base 9) to base 12.
-32a6859
Convert 5573bc (base 14) to base 3.
12110101122110
-18473 (base 9) to base 16
-31ef
-31655106 (base 7) to base 13
-738360
What is -52b58 (base 14) in base 11?
-127129
What is 15012041 (base 8) in base 15?
476400
134198 (base 10) to base 15
29b68
What is 1c0ab (base 16) in base 3?
12211120001
-8341 (base 11) to base 14
-405a
What is 23142453 (base 8) in base 2?
10011001100010100101011
What is 200516 (base 13) in base 4?
2311200122
What is -32cade (base 15) in base 3?
-11120001211002
3434461 (base 8) to base 2
11100011100100110001
-129d68 (base 14) to base 4
-2130233020
Convert 3231130321 (base 4) to base 2.
11101101011100111001
Convert 1222111021001 (base 3) to base 9.
1874231
Convert 2231122 (base 5) to base 3.
2000020100
Convert 12104431 (base 5) to base 8.
334734
Co